0*h + 12. List the prime factors of h.
2
Let g be -3 + 2/4*34. Suppose -2*h - 4*n = -g - 16, 5*h - 3*n = 75. Suppose -5 = -5*f + h. List the prime factors of f.
2
Let k(w) = -5*w**2 + 9*w - 7. Let v(g) = 2*g**2 - 4*g + 3. Let y(t) = -3*k(t) - 7*v(t). Let d be y(1). List the prime factors of d + 8 - 1/(-1).
11
Suppose 0 = 5*w - 4*a - 186, 3*a = 7*a - 4. List the prime factors of w.
2, 19
Suppose -5*k = -3*k. Let w be 19 - (0 + -3 + k). List the prime factors of -4*(2 - w/4).
2, 7
Let k(m) = 2*m**3 - 24*m**2 - 5*m + 17. What are the prime factors of k(13)?
2, 5, 29
Suppose 3*s = -2*y + 152 + 44, 4*s = 3*y - 277. What are the prime factors of y?
5, 19
List the prime factors of 28/(-21) - (-156)/9.
2
List the prime factors of ((-37)/(-4))/(7/28).
37
List the prime factors of ((-6)/(-4))/(4/120).
3, 5
Let u = 97 - 47. What are the prime factors of u?
2, 5
Suppose 0*j - 3*j = 0, -2*l + 2 = 5*j. Let u = l + 1. Suppose -u*b = 10, 2*b + 24 = 3*f - 37. What are the prime factors of f?
17
Suppose 2*j - 55 = j. List the prime factors of (-3)/9 - j/(-3).
2, 3
What are the prime factors of 236/(-16)*(-7 + 3)?
59
Let u = -14 - -66. What are the prime factors of u?
2, 13
Suppose -256 = -5*u + 99. Suppose 4*j - 3*l - 59 = 0, 3*j + l = -j + u. List the prime factors of j.
17
Let z = 5 + -2. Suppose 4*v = -0*v - 16, -p + 5*v + 22 = 0. Suppose p*a + 2*a - 24 = -4*r, z*a = -4*r + 23. What are the prime factors of r?
5
Let i be 3 - (-2 + 3) - 2. Suppose 3*v - 15 - 30 = i. List the prime factors of v.
3, 5
Let d(x) = 11*x + 6. Let j(n) = -n**2 + 8*n + 3. Let z be j(8). List the prime factors of d(z).
3, 13
Suppose -4*p + 15 = -5. Suppose 4*l - p*t + 15 = 0, -l - 4*t = -2*l - 1. Let x = l + 10. List the prime factors of x.
5
Let h be 1/(-7) + (-574)/98. List the prime factors of (98/h)/(6/(-18)).
7
Suppose k + 6*g = 3*g + 44, -k + 5*g = -12. List the prime factors of k.
2
Suppose 2*j - 7*j + 120 = 3*o, 2*o - 58 = 4*j. List the prime factors of o.
5, 7
Let q = -76 + 109. Suppose q = -2*z + 3*z. What are the prime factors of z?
3, 11
Let t = 27 + -13. List the prime factors of t.
2, 7
Suppose 2*r + 10 = -0. Let u be -12*((-35)/(-2))/r. Suppose -s + u = s. List the prime factors of s.
3, 7
Suppose -4*b + b = -9. Suppose -b*k - k + 28 = 0. List the prime factors of k.
7
Let s(f) = -3*f - 5. Suppose -3 = -4*a - 63. Let q = a + 10. What are the prime factors of s(q)?
2, 5
Let b = -1 - -4. Suppose -24 = -2*q + 3*w, w + b*w + 20 = 2*q. What are the prime factors of q?
2, 3
Let p(o) = -23*o + 11*o + o**2 + 11*o. List the prime factors of p(-4).
2, 5
Let a(v) = v**3 + 2*v**2 - 2*v - 2. Let x be a(-2). Suppose 0 = -5*j + 67 - x. List the prime factors of j.
13
Let i(d) = d - 3*d**2 + 6 - 6*d + 0*d. Let v be i(6). What are the prime factors of (2/3)/((-8)/v)?
11
Suppose 2*m - 150 = 22. List the prime factors of m.
2, 43
Suppose -v - 2*n = 3*n + 1, -3*n - 51 = -3*v. List the prime factors of (-4)/v + (-480)/(-14).
2, 17
Suppose 0 = 2*x - x. Suppose x = 4*l + u - 8, 3*l = -5*u - 1 + 7. What are the prime factors of l?
2
Suppose -2*v + 6 = 4*k, -3*k + 7 - 1 = v. Suppose 33 = k*p + 3. What are the prime factors of p?
2, 5
Let s(k) = 7*k**2 - 7. List the prime factors of s(-4).
3, 5, 7
Suppose -5*k - 19 = -149. Let t(n) = -n**2. Let d be t(4). Let w = k + d. List the prime factors of w.
2, 5
Let b(v) = -v - 2. Let i(y) = y**3 + 11*y**2 + y + 9. Let f be i(-11). Let z be b(f). Suppose 0 = -z*w + 3*w - 51. List the prime factors of w.
17
Let f = 12 + -10. Let m(d) = 3*d**2 - d. List the prime factors of m(f).
2, 5
Let y(z) = z**2 - 2*z - 6. List the prime factors of y(-7).
3, 19
Let u(k) = -k**2 - 5*k + 8. Let z(p) = -6*p + 12. Let t(h) = h - 1. Let b(d) = 4*t(d) + z(d). Let m be b(7). List the prime factors of u(m).
2
Let c = 11 + -8. Suppose 0 = q + c*q. Suppose u - 3 + 1 = q. List the prime factors of u.
2
Let c(d) = d**2 + 2*d - 1. Let j be c(-3). Suppose -y - 33 = -3*w, j*w - 5*y = -w + 45. What are the prime factors of w?
2, 5
Suppose 0*m - 5*m + 130 = 0. Let f = -19 - -1. Let l = f + m. List the prime factors of l.
2
Let w(k) = -k**3 + k**2 - 4. Let b be w(0). Let v = -1 - -12. Let n = b + v. List the prime factors of n.
7
Suppose c = 3*t, 0 = -2*c - 2*t - t. Let r(p) = c - 6 + p**3 + 6*p**2 - 3*p - 10*p**2. What are the prime factors of r(5)?
2
Let r be 47 + (0 - -1) - -2. Suppose r = 2*o + 4*b, o - 45 = -o - 5*b. Suppose o = -2*n + 5*n + 4*l, 5*n - 39 = 3*l. What are the prime factors of n?
3
Let j = 25 - -5. What are the prime factors of j?
2, 3, 5
Let f = -2 + 2. Suppose 2*l = 2*q - 1 - 23, -3*q + l + 42 = f. What are the prime factors of q?
3, 5
Let d = 11 - -22. List the prime factors of d.
3, 11
Suppose 0 = -3*z - z + 924. What are the prime factors of z?
3, 7, 11
Let z(o) = 1 + o**2 - o**3 + 3*o - 4*o**2 - 4 - 3. What are the prime factors of z(-5)?
29
Suppose -r + 7 = l, 0 = -l - 2*l. Suppose -33 = -2*i - r. What are the prime factors of i?
13
Suppose -4*o - 595 = -11*o. What are the prime factors of o?
5, 17
Let j = 15 - 22. What are the prime factors of 42/4*(-12)/j?
2, 3
Let a = 90 + 20. What are the prime factors of a?
2, 5, 11
Let s = 4 - 2. Suppose 0 = -s*n + 5*n - 117. Suppose 4*m - p - 45 = 0, 3*m = p + n - 6. List the prime factors of m.
2, 3
Let z = -7 + 10. Suppose -z*d + a = -123, 0*d + 4*d = -5*a + 145. Suppose -d = -g - 3*g. List the prime factors of g.
2, 5
Let h(l) = -l**2 - 16*l - 3. What are the prime factors of h(-9)?
2, 3, 5
Suppose 3*j = n + 6, -5*n - 4*j = j - 10. Suppose 5*v - 3*v - 8 = n. What are the prime factors of v?
2
Suppose -115 = -0*b + b. List the prime factors of 8/36 + b/(-9).
13
Suppose -b + 3 = -4. Let m = 12 - b. List the prime factors of (-2)/m + (-96)/(-15).
2, 3
Let w be (0 - 1) + (-4 - -4). Let b be -3 + -5 - (w - -1). Let m = b + 12. List the prime factors of m.
2
Suppose -2*v + 356 = 2*v. What are the prime factors of v?
89
Suppose 0 = o, 3*c + 2*c - o = 190. List the prime factors of c.
2, 19
Suppose n - 2 = 2*d - 0*n, 5*d - 3*n + 3 = 0. Let i = d - -4. Let g = i - -8. List the prime factors of g.
3
Suppose -4*p - d = -32, 3*p - d = -p + 32. What are the prime factors of p?
2
Let w be (-9)/2 - (-6)/4. List the prime factors of (-29)/(-2) - w/6.
3, 5
Suppose 5*l - 15 = n, 4*n = 2*l - 2 - 4. Suppose 60 = 2*d - n*d. Suppose f = -f + d. What are the prime factors of f?
3, 5
Let m(n) = -n + 2*n - 5*n + n**2 - 7. Let w be m(6). Suppose -w*z = 3*y - 67, -y + 1 + 12 = z. List the prime factors of z.
2, 7
Let u = 6 - 2. Suppose -u*a + 2*a + 12 = 0. List the prime factors of a.
2, 3
Let a = -5 - -5. Suppose g = a, 3*g = 5*l + 2*g - 50. List the prime factors of l.
2, 5
Let y be (8/(-4) + 32)/2. Let t = y - -1. What are the prime factors of t?
2
Suppose -4*u - 5*z + 6 = -50, -3*u = -5*z - 7. Suppose c + u = 2*x - 4, -c = x - 8. What are the prime factors of x?
7
Let o(x) be the third derivative of x**7/630 + x**6/240 + x**4/12 - 2*x**2. Let b(u) be the second derivative of o(u). List the prime factors of b(-2).
2, 5
Suppose 0*n = -n - 3*k - 2, n - 4*k - 12 = 0. Suppose -3*l + p = 3*p - 42, 0 = -n*p + 12. List the prime factors of l.
2, 3
Suppose -3*d + 174 - 12 = 0. Suppose 2*q - 63 = 5*v, -5*q + d + 90 = v. What are the prime factors of q?
29
Suppose 0*c = 5*c + 2*y - 28, 0 = 3*c - 3*y. Suppose 0 = -c*s + 3*s + 15. What are the prime factors of s?
3, 5
Suppose 2*k = 10, 34 + 153 = 4*o - 5*k. Suppose 5*c - o = 17. List the prime factors of c.
2, 7
Let f be ((-2)/6)/((-1)/6). Let s = f - -9. List the prime factors of s.
11
Let k = 4 + -3. Suppose -3*c + 2 = -k. List the prime factors of c/4 + 156/16.
2, 5
Let t = -213 + 403. What are the prime factors of t?
2, 5, 19
Suppose -5*c - 48 = -288. List the prime factors of c.
2, 3
Suppose 5*d - x = -4*x + 14, 3*x + 6 = 0. Let r be 0*(-1)/d*-2. Suppose 0 = -r*i - 5*i + 35. List the prime factors of i.
7
Suppose 4*v = 2*b, -4*b - 5*v = -24 - 15. Let c be ((-9)/(3 - b))/(-1). What are the prime factors of (7/c)/(3/(-9))?
7
Suppose 0 = 3*l - 5*s - 226, -s + 158 = 3*l - 74. Suppose 5*k + 5*h - 80 = 0, -4*k - k = 4*h - l. What are the prime factors of k?
13
Suppose 0 = -2*l - 0*l + 30. Let u = l + 12. List the prime factors of u.
3
Let t(s) = -s**3 + 8*s**2 - 4*s - 12. List the prime factors of